{"id":10,"date":"2014-12-06T17:36:37","date_gmt":"2014-12-06T17:36:37","guid":{"rendered":"http:\/\/www.artproject-flocage.fr\/wdp\/?page_id=10"},"modified":"2021-06-22T08:59:41","modified_gmt":"2021-06-22T08:59:41","slug":"fff","status":"publish","type":"page","link":"https:\/\/www.artproject-flocage.fr\/wdp\/","title":{"rendered":"Art Project &#8211; Flocage"},"content":{"rendered":"<div   class='avia-fullscreen-slider main_color   avia-builder-el-0  avia-builder-el-no-sibling  container_wrap fullsize'  >\n<style type=\"text\/css\" data-created_by=\"avia_inline_auto\" id=\"style-css-av-av_fullscreen-d215ee48c23a372133e20f614b82bd45\">\n#top #wrap_all .avia-slideshow .av-slideshow-caption.av-av_fullscreen-d215ee48c23a372133e20f614b82bd45__0 .avia-caption-title{\nfont-size:32px;\n}\n#top .avia-slideshow .av-slideshow-caption.av-av_fullscreen-d215ee48c23a372133e20f614b82bd45__0 .avia-caption-content{\nfont-size:24px;\n}\n#top .avia-slideshow .av-slideshow-caption.av-av_fullscreen-d215ee48c23a372133e20f614b82bd45__0 .avia-caption-content p{\nfont-size:24px;\n}\n<\/style>\n<div  class='avia-slideshow av-av_fullscreen-d215ee48c23a372133e20f614b82bd45 avia-slideshow-no scaling av_fullscreen avia-fade-slider av-slideshow-ui av-slideshow-autoplay av-loop-endless av-loop-manual-endless av-default-height-applied   avia-slideshow-1' data-slideshow-options=\"{&quot;animation&quot;:&quot;fade&quot;,&quot;autoplay&quot;:true,&quot;loop_autoplay&quot;:&quot;endless&quot;,&quot;interval&quot;:5,&quot;loop_manual&quot;:&quot;manual-endless&quot;,&quot;autoplay_stopper&quot;:false,&quot;noNavigation&quot;:false,&quot;bg_slider&quot;:true,&quot;keep_padding&quot;:false,&quot;hoverpause&quot;:false,&quot;show_slide_delay&quot;:0,&quot;slide_height&quot;:&quot;100&quot;,&quot;image_attachment&quot;:&quot;&quot;}\"  itemprop=\"image\" itemscope=\"itemscope\" itemtype=\"https:\/\/schema.org\/ImageObject\" ><ul class='avia-slideshow-inner ' style='padding-bottom: 48.072916666667%;'><li style='background-position:top left;' data-img-url='https:\/\/www.artproject-flocage.fr\/wdp\/wp-content\/uploads\/2014\/12\/AP-Slider-fullwidh-INTRO2.jpg' class='avia-slideshow-slide av-av_fullscreen-d215ee48c23a372133e20f614b82bd45__0  av-single-slide slide-1 slide-odd'><div data-rel='slideshow-1' class='avia-slide-wrap '   ><div class='av-slideshow-caption av-av_fullscreen-d215ee48c23a372133e20f614b82bd45__0 caption_fullwidth caption_right caption_right_framed caption_framed'><div class=\"container caption_container\"><div class=\"slideshow_caption\"><div class=\"slideshow_inner_caption\"><div class=\"slideshow_align_caption\"><h2 class='avia-caption-title '  itemprop=\"name\" >Bienvenue...<\/h2><div class='avia-caption-content '  itemprop=\"description\" ><p>Art Project vous accueille sur son site,<br \/>\nprofessionnel comme particulier<br \/>\nd\u00e9couvrez nos services&#8230;<\/p>\n<\/div><a href='http:\/\/www.artproject-flocage.fr\/wdp2\/'  class='avia-slideshow-button avia-button avia-color-theme-color-subtle avia-multi-slideshow-button' data-duration='800' data-easing='easeInOutQuad'>Particulier<\/a><a href='http:\/\/www.artproject-flocage.fr\/wdp\/?page_id=182'  class='avia-slideshow-button avia-button avia-color-red avia-multi-slideshow-button avia-slideshow-button-2' data-duration='800' data-easing='easeInOutQuad'>Professionnel<\/a><\/div><\/div><\/div><\/div><\/div><\/div><\/li><\/ul><\/div><\/div>\n","protected":false},"excerpt":{"rendered":"","protected":false},"author":1,"featured_media":0,"parent":0,"menu_order":0,"comment_status":"open","ping_status":"open","template":"","meta":{"footnotes":""},"yoast_head":"<!-- This site is optimized with the Yoast SEO plugin v19.11 - https:\/\/yoast.com\/wordpress\/plugins\/seo\/ -->\n<title>Art Project - Bienvenue<\/title>\n<meta name=\"description\" content=\"Plus de 15 ans d\u2019exp\u00e9rience dans la protection passive des b\u00e2timents, sp\u00e9cialis\u00e9e dans l\u2019isolation thermique, acoustique et incendie ainsi que l\u2019\u00e9tanch\u00e9it\u00e9 \u00e0 l\u2019air.\" \/>\n<meta name=\"robots\" content=\"index, follow, max-snippet:-1, max-image-preview:large, max-video-preview:-1\" \/>\n<link rel=\"canonical\" href=\"https:\/\/www.artproject-flocage.fr\/wdp\/\" \/>\n<meta property=\"og:locale\" content=\"fr_FR\" \/>\n<meta property=\"og:type\" content=\"article\" \/>\n<meta property=\"og:title\" content=\"Art Project - Bienvenue\" \/>\n<meta property=\"og:description\" content=\"Plus de 15 ans d\u2019exp\u00e9rience dans la protection passive des b\u00e2timents, sp\u00e9cialis\u00e9e dans l\u2019isolation thermique, acoustique et incendie ainsi que l\u2019\u00e9tanch\u00e9it\u00e9 \u00e0 l\u2019air.\" \/>\n<meta property=\"og:url\" content=\"https:\/\/www.artproject-flocage.fr\/wdp\/\" \/>\n<meta property=\"og:site_name\" content=\"Art Project\" \/>\n<meta property=\"article:modified_time\" content=\"2021-06-22T08:59:41+00:00\" \/>\n<meta name=\"twitter:card\" content=\"summary_large_image\" \/>\n<meta name=\"twitter:label1\" content=\"Dur\u00e9e de lecture estim\u00e9e\" \/>\n\t<meta name=\"twitter:data1\" content=\"1 minute\" \/>\n<script type=\"application\/ld+json\" class=\"yoast-schema-graph\">{\"@context\":\"https:\/\/schema.org\",\"@graph\":[{\"@type\":\"WebPage\",\"@id\":\"https:\/\/www.artproject-flocage.fr\/wdp\/\",\"url\":\"https:\/\/www.artproject-flocage.fr\/wdp\/\",\"name\":\"Art Project - Bienvenue\",\"isPartOf\":{\"@id\":\"https:\/\/www.artproject-flocage.fr\/wdp\/#website\"},\"datePublished\":\"2014-12-06T17:36:37+00:00\",\"dateModified\":\"2021-06-22T08:59:41+00:00\",\"description\":\"Plus de 15 ans d\u2019exp\u00e9rience dans la protection passive des b\u00e2timents, sp\u00e9cialis\u00e9e dans l\u2019isolation thermique, acoustique et incendie ainsi que l\u2019\u00e9tanch\u00e9it\u00e9 \u00e0 l\u2019air.\",\"breadcrumb\":{\"@id\":\"https:\/\/www.artproject-flocage.fr\/wdp\/#breadcrumb\"},\"inLanguage\":\"fr-FR\",\"potentialAction\":[{\"@type\":\"ReadAction\",\"target\":[\"https:\/\/www.artproject-flocage.fr\/wdp\/\"]}]},{\"@type\":\"BreadcrumbList\",\"@id\":\"https:\/\/www.artproject-flocage.fr\/wdp\/#breadcrumb\",\"itemListElement\":[{\"@type\":\"ListItem\",\"position\":1,\"name\":\"Accueil\",\"item\":\"https:\/\/www.artproject-flocage.fr\/wdp\/\"},{\"@type\":\"ListItem\",\"position\":2,\"name\":\"Art Project &#8211; Flocage\"}]},{\"@type\":\"WebSite\",\"@id\":\"https:\/\/www.artproject-flocage.fr\/wdp\/#website\",\"url\":\"https:\/\/www.artproject-flocage.fr\/wdp\/\",\"name\":\"Art Project\",\"description\":\"Flocage Souflage Panneaux Isolation thermique\",\"potentialAction\":[{\"@type\":\"SearchAction\",\"target\":{\"@type\":\"EntryPoint\",\"urlTemplate\":\"https:\/\/www.artproject-flocage.fr\/wdp\/?s={search_term_string}\"},\"query-input\":\"required name=search_term_string\"}],\"inLanguage\":\"fr-FR\"}]}<\/script>\n<!-- \/ Yoast SEO plugin. -->","yoast_head_json":{"title":"Art Project - Bienvenue","description":"Plus de 15 ans d\u2019exp\u00e9rience dans la protection passive des b\u00e2timents, sp\u00e9cialis\u00e9e dans l\u2019isolation thermique, acoustique et incendie ainsi que l\u2019\u00e9tanch\u00e9it\u00e9 \u00e0 l\u2019air.","robots":{"index":"index","follow":"follow","max-snippet":"max-snippet:-1","max-image-preview":"max-image-preview:large","max-video-preview":"max-video-preview:-1"},"canonical":"https:\/\/www.artproject-flocage.fr\/wdp\/","og_locale":"fr_FR","og_type":"article","og_title":"Art Project - Bienvenue","og_description":"Plus de 15 ans d\u2019exp\u00e9rience dans la protection passive des b\u00e2timents, sp\u00e9cialis\u00e9e dans l\u2019isolation thermique, acoustique et incendie ainsi que l\u2019\u00e9tanch\u00e9it\u00e9 \u00e0 l\u2019air.","og_url":"https:\/\/www.artproject-flocage.fr\/wdp\/","og_site_name":"Art Project","article_modified_time":"2021-06-22T08:59:41+00:00","twitter_card":"summary_large_image","twitter_misc":{"Dur\u00e9e de lecture estim\u00e9e":"1 minute"},"schema":{"@context":"https:\/\/schema.org","@graph":[{"@type":"WebPage","@id":"https:\/\/www.artproject-flocage.fr\/wdp\/","url":"https:\/\/www.artproject-flocage.fr\/wdp\/","name":"Art Project - Bienvenue","isPartOf":{"@id":"https:\/\/www.artproject-flocage.fr\/wdp\/#website"},"datePublished":"2014-12-06T17:36:37+00:00","dateModified":"2021-06-22T08:59:41+00:00","description":"Plus de 15 ans d\u2019exp\u00e9rience dans la protection passive des b\u00e2timents, sp\u00e9cialis\u00e9e dans l\u2019isolation thermique, acoustique et incendie ainsi que l\u2019\u00e9tanch\u00e9it\u00e9 \u00e0 l\u2019air.","breadcrumb":{"@id":"https:\/\/www.artproject-flocage.fr\/wdp\/#breadcrumb"},"inLanguage":"fr-FR","potentialAction":[{"@type":"ReadAction","target":["https:\/\/www.artproject-flocage.fr\/wdp\/"]}]},{"@type":"BreadcrumbList","@id":"https:\/\/www.artproject-flocage.fr\/wdp\/#breadcrumb","itemListElement":[{"@type":"ListItem","position":1,"name":"Accueil","item":"https:\/\/www.artproject-flocage.fr\/wdp\/"},{"@type":"ListItem","position":2,"name":"Art Project &#8211; Flocage"}]},{"@type":"WebSite","@id":"https:\/\/www.artproject-flocage.fr\/wdp\/#website","url":"https:\/\/www.artproject-flocage.fr\/wdp\/","name":"Art Project","description":"Flocage Souflage Panneaux Isolation thermique","potentialAction":[{"@type":"SearchAction","target":{"@type":"EntryPoint","urlTemplate":"https:\/\/www.artproject-flocage.fr\/wdp\/?s={search_term_string}"},"query-input":"required name=search_term_string"}],"inLanguage":"fr-FR"}]}},"_links":{"self":[{"href":"https:\/\/www.artproject-flocage.fr\/wdp\/wp-json\/wp\/v2\/pages\/10"}],"collection":[{"href":"https:\/\/www.artproject-flocage.fr\/wdp\/wp-json\/wp\/v2\/pages"}],"about":[{"href":"https:\/\/www.artproject-flocage.fr\/wdp\/wp-json\/wp\/v2\/types\/page"}],"author":[{"embeddable":true,"href":"https:\/\/www.artproject-flocage.fr\/wdp\/wp-json\/wp\/v2\/users\/1"}],"replies":[{"embeddable":true,"href":"https:\/\/www.artproject-flocage.fr\/wdp\/wp-json\/wp\/v2\/comments?post=10"}],"version-history":[{"count":38,"href":"https:\/\/www.artproject-flocage.fr\/wdp\/wp-json\/wp\/v2\/pages\/10\/revisions"}],"predecessor-version":[{"id":1520,"href":"https:\/\/www.artproject-flocage.fr\/wdp\/wp-json\/wp\/v2\/pages\/10\/revisions\/1520"}],"wp:attachment":[{"href":"https:\/\/www.artproject-flocage.fr\/wdp\/wp-json\/wp\/v2\/media?parent=10"}],"curies":[{"name":"wp","href":"https:\/\/api.w.org\/{rel}","templated":true}]}}